(l) = 20*l - 2. Let t(x) = r(x) - 3*u(x). Suppose -2*p + 62 = -5*q, 0 = -5*p - q - 10 + 3. Calculate t(p).
21
Let n(a) = 5*a**2 - 55 - 68 - 4*a**2 + 132 - 7*a - a. Calculate n(4).
-7
Let l(p) = p**2 - 6*p - 11. Let t be (-1)/(-3)*18*(-8)/(-6). Let b be l(t). Let r(k) be the second derivative of k**3/6 - 3*k**2/2 + 7*k. What is r(b)?
2
Let u(v) = 3*v - 6. Suppose -2*m + 0*w = -2*w - 26, -m = w - 7. Let c = 14 - m. Suppose -c*i + 16 + 0 = 0. Give u(i).
6
Let i(r) = 2*r**3 + 11*r**2 + 6*r - 2. Let f(p) = p**3 + 2*p**2 + p - 4. Let j(d) = -3*f(d) + i(d). Calculate j(6).
-8
Let j(o) be the third derivative of o**4/6 + 77*o**3/6 - 4*o**2 - 131. What is j(-18)?
5
Let b(g) = 11*g + 7. Let n(o) = o**2 + 8*o - 2. Let r be n(0). Let i(l) = -l - 5. Let v(y) = r*i(y) - b(y). What is v(-3)?
30
Let x(o) = o**2 + 4*o - 6. Let z(f) = -14*f + 232. Let d be z(14). Let a = -32 + -9. Let b = d + a. What is x(b)?
-1
Let s(j) = -j**3 + 9*j**2 - 15*j + 9. Let t be (4/(8/(-3)))/(300/(-1400)). Determine s(t).
2
Let w(s) = -11*s**2 - 5*s - 4. Let t(p) = -2*p**3 + 122*p**2 + 124*p - 3. Let f be t(62). Calculate w(f).
-88
Let f(b) = b**2 + b - 1. Let z(k) = -k + 1. Let l(c) = f(c) + z(c). Let o be 30/26 - ((-219)/117 + 2)/(1615/1938). What is l(o)?
1
Suppose w - 2*g = 0, 0*w + 3*g = -4*w + 33. Suppose 189 = w*x + 159. Let n(c) = -c**2 + c. Let v(i) = 3*i + 4. Let r(h) = n(h) + v(h). Give r(x).
-1
Let v(j) = 7*j**2 + 27*j + 22. Let r(s) = -13*s**2 - 52*s - 42. Let y(d) = -6*r(d) - 11*v(d). Suppose -46 = 4*f - 0*a + 2*a, -2*a + 66 = -4*f. Calculate y(f).
-4
Let z(m) be the first derivative of -5*m - 12 - 1/2*m**2. Let i(d) = d**3 - 2*d**2 - 2*d - 3. Let q be i(3). Calculate z(q).
-5
Let a be (-7 + 0 + 8)*-6 - -6. Let w(i) = -i**2 + 5*i - 6. What is w(a)?
-6
Let m(q) = -11*q**2 - 3*q - 4. Let g(x) = -20*x**2 - 5*x - 7. Let r = 165 + -159. Let v(z) = r*g(z) - 11*m(z). What is v(-4)?
6
Suppose -17*d - 4*d = -76 + 13. Let q(c) = 10*c + 6. Calculate q(d).
36
Let k = -563 + 556. Let j(i) be the second derivative of i**3/6 + 3*i**2/2 - 3*i + 11. Determine j(k).
-4
Let c(g) = 6*g**3 - 2*g**2 + 2*g - 1. Suppose -4*n = 5*j + 2048, -6*j + 4*n + 1224 = -9*j. Let h = 413 + j. What is c(h)?
5
Let a(q) = 11*q**2 + 2 + 3*q - 10*q**2 + 5*q**2 + 5*q**3. Let t(v) = 9*v**3 + 11*v**2 + 6*v + 4. Let p(c) = 11*a(c) - 6*t(c). What is p(-2)?
-4
Let z(m) be the third derivative of m**5/30 + 21*m**4/8 + 13*m**3/3 - 54*m**2 - 2*m. Give z(-31).
-5
Let i(p) be the third derivative of p**6/360 - p**5/20 - p**4/4 - 33*p**3/2 - 15*p**2 - 3*p. Let w(y) be the first derivative of i(y). What is w(7)?
1
Let x = -372 - -365. Let d(m) = 17*m - 2. Let i(j) = -11*j + 3. Let o(y) = 2*d(y) + 3*i(y). Determine o(x).
-2
Let p = 99 + -90. Suppose 3*o - 6*o - 4*t = 6, -o - p = -t. Let i(j) be the second derivative of j**3/6 + 3*j**2 - 4*j. What is i(o)?
0
Let l(m) = 2*m**2 - m - m**2 + m**3 - 7 - 3*m**2 + 8*m**2. Let n be l(-6). Let u(q) = 28*q + 1. Give u(n).
-27
Let y = -242 - -273. Let t(z) = -36*z + 68*z - y*z. Determine t(-8).
-8
Suppose 7*q = -12*q + 6*q. Let x(u) = 152 + q*u - 154 - 3*u**3 - 5*u + 8*u**2 + 2*u**3. What is x(7)?
12
Suppose 2*k - 77 = -89, 3*s + 6 = -2*k. Let i(d) = 4*d - 20. Give i(s).
-12
Let c be (10 - 6) + (-9)/(-3) - 3. Let r(a) be the first derivative of -5*a - 3/2*a**2 + 1/4*a**4 - 2/3*a**3 - 1. Determine r(c).
15
Let x(z) = -9*z + 156. Let k be x(-13). Let t = k - 279. Let w(u) = -u + 3. What is w(t)?
9
Suppose -k + 5*u - 17 = 0, 2*k - 1091*u + 1090*u - 2 = 0. Let q(s) = -22*s + 56. What is q(k)?
-10
Let u(g) = 315 - 2*g**2 + 212*g**3 - 324 - 213*g**3 - 2*g**2 + 2*g. Determine u(-5).
6
Let p(k) = k**3 - 12*k**2 + 113*k - 521. Let w be p(7). Let y(l) be the first derivative of 1/3*l**3 + 0*l**2 + l + w. What is y(1)?
2
Let r(i) = -2*i**3 + 5*i**2 - 7*i + 10. Let z(f) be the first derivative of 3*f**4/4 - 5*f**3/3 + 4*f**2 - 11*f - 48. Let o(d) = 4*r(d) + 3*z(d). Give o(-6).
-5
Let r be 22 - 78/54*9. Let p(b) = b**3 - 11*b**2 + 15*b + 3. Calculate p(r).
-24
Let w be ((-36)/(-24))/(2/(-4)). Let a be (259/14 - -1)*2/w. Let r(x) = -x**3 - 14*x**2 - 13*x - 14. What is r(a)?
-14
Suppose 14*s + 997 = 3811. Let p = s + -205. Let x(o) = -o**2 - 4*o - 2. What is x(p)?
-2
Let g(h) = -7 - 13*h + 5*h**3 + 26*h - 4*h**3 - 14*h - h**2. Let k be g(0). Let b(t) = 0 + 0 - t + 0. Calculate b(k).
7
Let j(p) be the first derivative of p + 0*p**2 - 3/4*p**4 + 335 - 2/3*p**3. Suppose -g - f = 4, g + 3*g = -3*f - 13. Calculate j(g).
2
Let k(u) = -u**3 - 12*u**2 + 14*u + 17. Let x be k(-13). Suppose -3 = 3*p + x*q - 47, 3*q = -3*p + 48. Let m = -25 + p. Let w(h) = -h - 4. Give w(m).
1
Suppose -2*f - 32 = -4*y - 0*f, -454*f + 459*f = -70. Let t(i) be the second derivative of -1/3*i**4 - 1/3*i**3 + 0 + 2*i + 1/2*i**2. Give t(y).
-5
Let v = -41 + 71. Let k(n) = 19 + v - 48 - n**2 - 2*n. Let w(g) = g**2 - 4*g - 4. Let u be w(4). What is k(u)?
-7
Let r(z) be the first derivative of -3*z**2 + 89*z + 909. What is r(12)?
17
Let x(f) be the first derivative of -f**5/120 - 49*f**4/24 - 124*f**3/3 - 148. Let v(l) be the third derivative of x(l). Determine v(0).
-49
Let h(t) = -79 - 29*t + 26*t + 81. Let a = -23 + 16. Let k be (12/(-14))/(2/a). Determine h(k).
-7
Let w = -326 - -328. Let k(y) be the first derivative of -26 + 5/3*y**3 - 1/4*y**4 + 6*y - 3*y**w. What is k(4)?
-2
Suppose s - 5*s = 0. Let y(u) = 1176170*u + u**2 - 2352340*u + u**3 + 19 + 1176171*u + 18. Give y(s).
37
Let t(c) be the first derivative of -c**4/4 + 2*c**3/3 + c**2 - 17*c + 424. Calculate t(0).
-17
Let j = 17764 - 17763. Let v(h) = -27*h**3 + 2*h**2. Determine v(j).
-25
Suppose -2*o + 11 = 3*f + 1, -3*o - 5*f = -17. Let q be -11 - 5 - 3/o. Let z(x) = x**3 + 13*x**2 - 2*x - 19. What is z(q)?
7
Let j(k) = -2*k**2 + 16*k + 25. Let n be (1 + (-5)/40*4)/(4/80). What is j(n)?
-15
Let s(k) be the first derivative of k**4/4 + k**3 - 3*k**2/2 + k + 7685. Let m = 4 + -7. Determine s(m).
10
Let a(x) = -9*x + 86. Let r be a(9). Let v(w) = 5*w + 17. Let d(q) = 8*q + 33. Let k(u) = r*v(u) - 3*d(u). Calculate k(8).
-6
Let d(q) = -q**3 - 11*q**2 - 3*q - 21. Let u = 688 - 699. Give d(u).
12
Let o(x) be the second derivative of x**5/20 + x**4/6 + x**3/2 + 15*x**2/2 + 6692*x. Calculate o(0).
15
Let q(f) = 7*f**2 - 35*f + 21. Let r(c) = -26*c**2 + 138*c - 81. Let k(w) = 23*q(w) + 6*r(w). Determine k(-5).
7
Let p(t) be the third derivative of -t**6/120 + t**5/15 + 11*t**4/24 + 13*t**3/6 + 707*t**2. What is p(6)?
7
Let t(r) = -3*r**2 - 4*r - 1. Let x = -126 + 134. Let q be (-5)/10*(-2 + x). What is t(q)?
-16
Let h(o) = -o**2 + 5*o - 3. Let c be h(2). Suppose 5*k + 2*j = -2, 2*j + c*j + 5 = 0. Let m(q) be the first derivative of q**2/2 + q + 82. Determine m(k).
1
Let q be (-7)/(-3) + (-1)/3. Suppose 5*l - 50 = -5*d, 4*l - 4*d - 40 = -0*l. Let x(j) = -l*j - 12*j + 2 + 42*j - j**3 + 3*j**2 - 6*j - 18*j. What is x(q)?
-2
Let u be (312 - (2 - 3))*1. Suppose -304*o + u*o - 36 = 0. Let x(w) = 5 + 4*w - 3 + 2. What is x(o)?
20
Let x(l) be the first derivative of -l**2 - 1/4*l**4 + 74 - 1/3*l**3 - 2*l. What is x(-2)?
6
Let t(l) = 3*l**2 - 11*l - 6. Let u(w) = 4*w**2 - 9*w - 5. Let v(s) = 5*t(s) - 6*u(s). Let a(g) = -g**3 + 10*g - 4. Let i be a(3). Determine v(i).
-8
Let t(n) = 6*n**2 - 8*n + 75. Let o(l) = -5*l**2 + 8*l - 58. Let g(h) = 4*o(h) + 3*t(h). What is g(4)?
-7
Let a(i) be the second derivative of 0 + 1/20*i**5 + 1/6*i**3 - i**2 - 5/6*i**4 + 43*i. Give a(10).
8
Let p(m) = -5*m + 99. Let n be p(21). Let j be 6/((-4)/n*-3). Let r(w) = w**3 + 3*w**2 - 4*w - 4. Give r(j).
8
Let n(l) be the second derivative of -l**4/6 - l**3 + 14*l**2 + 691*l + 1. Calculate n(-5).
8
Let g(j) = 826*j + 501*j + 5 - 1368*j. Determine g(-3).
128
Let y(l) = -l**3 + l**2 - 2. Let k = 46 + -43. Suppose -4*c + 18 = -2*o, -k*o - o = -4*c + 16. Suppose -b + 4*b = 5*m + o, -2*b = 6. Determine y(m).
10
Let a(j) = -5*j**2 + j - 19. Let o(d) = -9 - 49*d**2 + 2*d - 42*d**2 - 1 + 87*d**2 - 6. Let g(u) = -5*a(u) + 6*o(u). What is g(-8)?
7
Suppose 73*n - 116*n + 78 = -56*n. Let f(q) = q**2 - q - 15. Calculate f(n).
27
Let x(u) be the second derivative of 21*u**5/20 + u**4/6 - u**2/2 - 19*u. Suppose -4*o + 7 = -n, -5*n = o + 101 - 108. Calculate x(n).
22
Let h(w) = -16*w**3 - 16*w**2 - 5*w - 34. Let s(p) = 1